0 - (1 - -54). Suppose 4*i - 5*v = 376, 253*i - 97 = 252*i + 2*v. Let c = i + g. What is the units digit of c?
4
Let m be 104/(-32) + (-3)/4 + 252. Suppose 3*w + 4*d + m = -432, 438 = -2*w + 5*d. Let y = 449 + w. What is the hundreds digit of y?
2
Let i be -1 + (-430)/4*4/(-5). What is the tens digit of 2/((2/i)/2)?
7
Let o(h) = -331*h - 41. What is the hundreds digit of o(-8)?
6
Suppose x + 177152 = 4*t, 1303*t - 5*x - 177120 = 1299*t. What is the ten thousands digit of t?
4
Suppose -4*s + 2*j - 1448 = 0, 450 = -3*s + 4*j - 636. Let n = 859 + s. What is the tens digit of n?
9
Suppose -j = -15*r + 11*r - 17, -j = 3*r + 4. Suppose -3*z = -j*l - 307, 4*z = 3*z - 4*l + 74. What is the tens digit of z?
9
Suppose n + 151 + 27 = 2*q, 0 = 3*n + q + 541. Let c = -341 + 284. Let o = c - n. What is the units digit of o?
3
Suppose 0 = t - 2*t + 4. Let l(i) = i**3 - 2*i**2 - 8*i + 8. Let s be l(t). What is the units digit of ((12/s)/(-1))/((-3)/16)?
8
Let p = 5929 - 1511. What is the units digit of p?
8
Suppose -123*r + 39397 = -118*r + 4*f, -r + 7874 = -f. What is the thousands digit of r?
7
What is the thousands digit of 0 + (88/8 + 5/(-1) - -40092)?
0
Let q = 197 - 197. Suppose -u + c + 450 = q, -u = u + 4*c - 870. What is the units digit of u?
5
What is the units digit of 25 - (21 + -7842)*7?
2
Let t(f) = 9*f + 73. Let y be t(10). Let k = 87 + y. What is the hundreds digit of k?
2
Let w(m) = 3*m**3 - m**2 - 6*m. Let p be w(-2). Let z(x) = -2*x + 91. What is the units digit of z(p)?
3
Suppose 4*l = 27 + 9. Let h(v) = -40*v**3 - 14 + 10*v**2 + 4 + 39*v**3 + v + 7*v + 1. What is the tens digit of h(l)?
4
Let j(h) = -2*h + 41. Let u be (-11)/(-33) + 2/(-6). Suppose 6*s - 3*s = u. What is the units digit of j(s)?
1
Suppose -140*g + 3345 = -145*g. Let y = g + 1153. What is the hundreds digit of y?
4
Let i(o) = 74*o - 294. Let z be i(29). Let h = z - 1232. What is the hundreds digit of h?
6
Suppose -154*l + 449138 - 108490 = 0. What is the hundreds digit of l?
2
Suppose -22*v - 7062 = -25*v. Suppose 5*f + v = 16*f. What is the tens digit of f?
1
Let q = -83 - -87. Suppose -2*r + 0*r + 194 = 2*j, -5*r = -q*j - 503. Let x = r + 13. What is the hundreds digit of x?
1
Let s = -277 + 978. Let o = -298 + s. What is the units digit of o?
3
Let r = 8313 - 4182. What is the tens digit of r?
3
Suppose 0 = 2*m + 10 - 162. Let l = m - -20. Let d = l - 46. What is the units digit of d?
0
Let k be (-10)/(-2 + 4)*(1 + 0). Let h(n) = -20*n + 104. What is the tens digit of h(k)?
0
Let k = -5675 - -7113. What is the hundreds digit of k?
4
Let y be 2 - 65/35 - (-2008)/7. Suppose 288*r - y*r = 350. What is the hundreds digit of r?
3
Let j be ((-2)/6*0)/(-1). Suppose j*x - w = 3*x - 761, -3*w = 3*x - 753. Suppose 705 + x = 8*i. What is the units digit of i?
0
Suppose -s + 37464 = -613*p + 616*p, -5*p = s - 62436. What is the tens digit of p?
8
Let k = 141 - 135. Suppose 9*w = k*w + 771. What is the tens digit of w?
5
Let p(x) = -7*x + 0*x - 3*x**3 + x**2 - 1 + x**3 + 3*x**3 - 35*x. What is the tens digit of p(8)?
3
Suppose -u + 63 = -15. Suppose -104 = -3*q - 2*n + 401, 3*n - 6 = 0. Let p = q - u. What is the tens digit of p?
8
Let f(r) = 775*r - 2146. What is the tens digit of f(14)?
0
Let z(d) = 80*d**3 - 11*d**2 + 51*d + 132. What is the tens digit of z(6)?
2
Let x = 18702 + -4019. What is the units digit of x?
3
Suppose -11*s + 77591 = 14968. What is the hundreds digit of s?
6
Suppose 0 = 100*n - 270133 - 149867. What is the units digit of n?
0
Let h = -144 - -136. Let o be (6 - 25/4) + (-338)/h. Suppose -39*m - 681 = -o*m. What is the hundreds digit of m?
2
Let d be (-3 + 6)/((-6)/(-4)). Let g be (-5 + 4)*(-218 + d). Let w = -130 + g. What is the units digit of w?
6
Let d(u) = -3*u + 30. Let o be d(9). Let l be 362/o + 10/(-15). Suppose -5*z - y = -l, 0 = 3*z + 3*y + y - 72. What is the tens digit of z?
2
Suppose -22 = 3*v - 3*w - 7, 2*v = -4*w - 34. Let m be v - -12 - 239*-1. Suppose -m = -2*n - 4*o + 2*o, 5*n + 4*o - 606 = 0. What is the units digit of n?
2
Let i(r) be the second derivative of -r**5/20 - r**3/2 - 11*r**2/2 + 13*r - 1. Suppose -6 = 3*h - h. What is the tens digit of i(h)?
2
Suppose -2*h + 10*h = -40. What is the units digit of 0 - h - (6*918)/(-12)?
4
Suppose 4*w = 20, -3*m + w + 11 = 2*w. Let i(b) = -14*b + 7 - m*b - 13*b. What is the tens digit of i(-3)?
9
Let w(z) = 6*z**3 - 3*z - 4. Let s be w(4). Suppose -7*t = -472 - s. Let a = 340 - t. What is the tens digit of a?
2
Let z = 7538 - -20994. What is the hundreds digit of z?
5
Suppose -36*v + 43880 = 3*c - 31*v, c + v = 14624. What is the units digit of c?
0
Suppose -7*c = 37*c - 8*c. Let i(m) = 22*m. Let v be i(2). Suppose c*x + 2*x = v. What is the tens digit of x?
2
Let o be (-92)/(-15) - 6/45. Let d = -87 - -153. Suppose 0 = 2*w - 5*v - d - 29, -2*v - o = 0. What is the units digit of w?
0
Let g be 10/(-4) + (0 - (-2)/4). What is the units digit of g*(2065/(-10) + -3)?
9
Let l be (352/(-8))/(-4 - 0). Suppose 4*s - 14*j + l*j - 3971 = 0, 4*s + 4*j - 3964 = 0. What is the units digit of s?
2
Suppose -a - 35942 = -9*l + 6*l, 0 = 5*a + 25. What is the ten thousands digit of l?
1
Suppose 1636*i = 1634*i + 6. Suppose -3*r = -2*t + 2075, -2*t + 4*r + 5170 = i*t. What is the thousands digit of t?
1
What is the tens digit of (-38924)/10*1/(54/(-135))?
3
Let o = -95 - -30. Let i = -33 - o. Suppose 4*t - i = 64. What is the units digit of t?
4
Let t = 440 + -426. What is the units digit of (-6)/t - 23250/(-105)?
1
Suppose 14*i + 138 = 16*i. Let r = 330 + i. What is the tens digit of r?
9
What is the tens digit of (-92828)/(-184) + (-1)/2?
0
Suppose 0 = -m - 2 + 6. Let z be (-3)/(-7) - (-2244)/(-924). What is the units digit of ((-63)/2)/(z/m)?
3
Let d(b) = b**3 - 28*b**2 - b - 1772. What is the units digit of d(36)?
0
Let d be (-6)/18*4/(4/(-9)). Suppose -5*k = -2*k + 6, -4*y - d*k = -382. What is the units digit of y?
7
Let b(v) = 2324*v**2 - 18*v - 14. What is the hundreds digit of b(-3)?
9
Let f = -98 - -1957. Let z = f + -1072. What is the units digit of z?
7
Let f(o) = -19*o**3 + o**2 + 14*o + 2. Let u = 70 + -73. What is the units digit of f(u)?
2
Let v(x) = x**3 - 29*x**2 + 62*x - 3. Let l(s) = 2*s**2 - 5. Let z be l(4). What is the tens digit of v(z)?
1
Let m(u) = 2*u**2 + 12*u - 2. Let r(f) = -2*f + 2. Let n be r(1). Suppose n = -8*w + 1 + 47. What is the hundreds digit of m(w)?
1
Let j = 7580 - 2861. What is the hundreds digit of j?
7
Let j(u) = -u**2 - u + 4. Let l = -21 - -21. Let x be j(l). Suppose -d = -x*a + 3*d + 228, -4*d - 124 = -2*a. What is the units digit of a?
2
Let f(s) be the first derivative of s**3 - 5*s**2 + s - 5. Let d = -1 + -2. What is the tens digit of f(d)?
5
Let o(l) = 34*l**2 - 14*l + 59. Let p = 41 + -35. What is the units digit of o(p)?
9
Let q be (2 - -3) + (-1 - 2). Suppose -q*n + 182 + 552 = 0. What is the units digit of n?
7
Let b = 1919 - -223. What is the units digit of b?
2
Suppose 4*s = -4*l + 18864, -4*l - 3042 = -s + 1664. What is the units digit of s?
4
Let p = 95 - 91. Suppose 0 = -p*h - 3*b + 24, h - 5*b = -b - 13. Suppose h*i = 3*s + 336, 0*s - 5*s = i - 82. What is the hundreds digit of i?
1
Let w = 98954 + -59012. What is the ten thousands digit of w?
3
Suppose 26*t + 1 - 157 = 0. Suppose -2*a + 1489 = 5*l, -t*l - 741 = -a - 5*l. What is the hundreds digit of a?
7
Suppose 15*o + 7883 = -23917. Let q = -1088 - o. What is the units digit of q?
2
Let q = 12223 + -3407. What is the thousands digit of q?
8
Let k be (420/(-63))/(1 - 11/9). What is the tens digit of (k/8)/(1*5/20)?
1
Let m = -8029 + 12408. What is the hundreds digit of m?
3
Suppose -8*u = -3*u - 25. Suppose -4 = 3*y + u*g, y - 2*y = g. Suppose 3*v = 5*i - 136, i + y*v - 5*v - 20 = 0. What is the tens digit of i?
2
Suppose 38*j - 196242 - 36052 = 0. What is the hundreds digit of j?
1
Let c(x) = 15*x**3 - 5*x**2 + 20*x - 8. What is the units digit of c(5)?
2
Suppose 30*o + 46*o - 6*o = 990220. What is the tens digit of o?
4
Suppose 8*q + 3*o = 10*q - 21, 0 = -5*o - 25. Suppose -q*z + 781 = -2291. What is the hundreds digit of z?
0
Let g(q) = -7 - 7 - 22*q + 23*q**2 - 24*q**2. Let f be g(-21). What is the units digit of f + -5 - (0 + -119)?
1
Let j(x) = -239*x + 412. What is the thousands digit o